-442
Let b(a) = 40*a + 3332. Give b(-83).
12
Let n(m) = -7*m**3 + 176*m**2 - 188*m - 95. Calculate n(24).
1
Let t(u) = u**3 + 5*u**2 + 21*u + 139. Determine t(-6).
-23
Let o(g) = 2*g**3 + 28*g**2 + 33*g - 9. Determine o(-12).
171
Let d(g) = -g**2 + 4*g + 136. What is d(15)?
-29
Let w(z) = z**3 + 32*z**2 + 30*z - 26. What is w(-31)?
5
Let h(p) = 14*p + 325. What is h(-48)?
-347
Let r(i) = -404*i + 3952. Calculate r(10).
-88
Let v(t) = -29*t + 663. Give v(22).
25
Let d(l) = -l**3 - 94*l**2 - l - 206. Determine d(-94).
-112
Let g(y) = -24*y**3 - y**2 - 80*y - 80. Calculate g(-1).
23
Let f(n) = 49*n - 148. Calculate f(3).
-1
Let x(w) = -2*w**3 - 6*w**2 + 34*w + 132. Calculate x(-8).
500
Let a(h) = -h**2 + 18*h + 373. Give a(-10).
93
Let l(x) = -x**2 + 6*x + 1038. What is l(35)?
23
Let x(v) = -9*v - 294. Calculate x(-34).
12
Let j(y) = 285*y - 2300. Give j(9).
265
Let u(b) = 1010*b + 3068. Calculate u(-3).
38
Let j(q) = -3*q**3 + 15*q**2 + 22*q - 117. Determine j(4).
19
Let m(g) = -2*g**3 - 49*g**2 + 42*g + 254. Give m(-25).
-171
Let c(u) = u**2 + 77*u + 1475. Determine c(-41).
-1
Let g(z) = 147*z + 1461. Determine g(-10).
-9
Let k(h) = 14*h - 38. Determine k(13).
144
Let h(p) = 4*p**3 - 252*p**2 - 19*p + 1198. Calculate h(63).
1
Let m(k) = k**3 + 16*k**2 - 26*k - 628. Calculate m(-15).
-13
Let r(t) = t**3 - 3*t**2 - 13*t + 13. Calculate r(8).
229
Let a(u) = u**3 + 6*u**2 - 11*u + 155. What is a(-9)?
11
Let g(c) = 692*c + 8999. Give g(-13).
3
Let w(d) = 5*d**3 + 5*d**2 - 4*d - 55. Give w(0).
-55
Let j(p) = -117*p + 34. Calculate j(6).
-668
Let x(h) = 2345*h - 11659. Calculate x(5).
66
Let m(b) = -2*b + 2. What is m(4)?
-6
Let c(x) = 10*x**2 + 104*x + 229. Determine c(-3).
7
Let v(k) = k**2 - 2724*k - 169881. What is v(-61)?
4
Let r(c) = 2*c + 626. Determine r(61).
748
Let r(d) = 4*d**2 + 41*d + 114. Determine r(-7).
23
Let r(p) = -6*p + 170. Determine r(32).
-22
Let n(c) = 190*c**3 + c**2 - 4*c + 2. Determine n(1).
189
Let t(c) = -c**3 + 54*c**2 - 370*c + 87. Give t(46).
-5
Let r(i) = 430*i**3 - 17*i**2 + 15*i + 2. What is r(1)?
430
Let b(z) = z**2 - 72*z - 7. Give b(70).
-147
Let c(q) = q**2 + 24*q - 6. What is c(-21)?
-69
Let a(b) = -154*b**2 + 7*b + 3. What is a(-1)?
-158
Let f(t) = -11*t - 106. Calculate f(-16).
70
Let u(t) = -15*t**2 + 333*t - 25. What is u(22)?
41
Let d(y) = -7*y**2 - 213*y + 108. Determine d(-31).
-16
Let g(s) = 336*s - 6793. Give g(20).
-73
Let t(f) = 20*f**2 + 144*f - 1581. Give t(6).
3
Let m(n) = -4*n**2 - 396*n + 12. Give m(-99).
12
Let k(q) = -q**3 + 11*q**2 + 6*q + 74. Give k(12).
2
Let y(s) = s**2 + 26*s + 61. Determine y(17).
792
Let g(w) = 3061*w + 21442. Determine g(-7).
15
Let h(t) = -6*t**2 + 90*t + 589. Calculate h(-6).
-167
Let q(g) = -240*g - 460. Calculate q(-2).
20
Let g(n) = 41*n + 2141. Give g(-52).
9
Let p(x) = x**2 - 84*x + 11. What is p(0)?
11
Let u(h) = -19*h**2 - 170*h + 912. What is u(5)?
-413
Let h(t) = -7*t**2 - 31*t + 289. Calculate h(-9).
1
Let o(p) = -2*p**3 + 99*p**2 + 47*p + 79. Give o(50).
-71
Let s(i) = i**2 - 66*i + 510. Give s(9).
-3
Let o(x) = -2*x**2 + 10*x + 127. What is o(-8)?
-81
Let s(v) = 19*v**2 + 249*v + 356. What is s(-11)?
-84
Let w(n) = -n**3 - 31*n**2 + 5*n + 83. Give w(-31).
-72
Let r(c) = 80*c + 13508. What is r(-169)?
-12
Let y(x) = -x**3 + 11*x**2 - 14*x + 11. Determine y(11).
-143
Let i(z) = -4*z**3 + 72*z**2 + 208*z - 3. Determine i(-3).
129
Let z(i) = i**3 - 18*i**2 - 75*i + 249. What is z(21)?
-3
Let l(h) = 12309*h + 12304. Calculate l(-1).
-5
Let r(v) = 4*v**3 + 29*v**2 + 41*v - 8. Calculate r(-5).
12
Let j(k) = k**3 - 7*k**2 + 12*k - 24. What is j(5)?
-14
Let t(g) = g**3 - 23*g**2 - 62*g + 170. Give t(25).
-130
Let p(n) = -4*n**2 - 86*n - 32. What is p(-22)?
-76
Let m(o) = 15*o**2 + 263*o + 1037. Calculate m(-11).
-41
Let r(f) = -3*f**3 + 56*f**2 - 43*f + 3. Give r(18).
-123
Let b(s) = -2*s**3 + 69*s**2 + 90*s - 36. Determine b(36).
-684
Let g(c) = 173*c + 3459. Give g(-20).
-1
Let a(x) = x**3 - 32*x**2 - 27*x - 193. Give a(33).
5
Let q(p) = p**3 + 44*p**2 - 357*p - 2. Calculate q(-51).
-2
Let j(z) = 2*z**3 + 4*z**2 - 4*z + 11. What is j(-4)?
-37
Let g(i) = -i**2 + 66*i - 262. Determine g(63).
-73
Let x(y) = y**3 + 20*y**2 - 11*y + 218. Give x(-21).
8
Let d(v) = 8*v**2 - 381*v - 76. Give d(48).
68
Let l(f) = 2*f**3 + 22*f**2 + 50*f + 12. Calculate l(-8).
-4
Let g(z) = -42*z - 222. Calculate g(-18).
534
Let k(y) = -y**2 + 31*y + 578. Give k(-13).
6
Let y(d) = -10*d**3 - 66*d**2 - 32*d + 30. What is y(-6)?
6
Let i(d) = -198*d + 2387. Determine i(12).
11
Let q(s) = 5*s**3 + 3*s**2 + 2*s - 7. Give q(3).
161
Let y(f) = -f**3 - 140*f**2 - 1532*f + 385. Determine y(-128).
-127
Let v(o) = -2462*o - 29554. What is v(-12)?
-10
Let s(q) = q**3 + 79*q**2 + 98*q + 1567. Give s(-78).
7
Let x(f) = 45*f**2 - 638*f + 97. What is x(14)?
-15
Let o(c) = c**3 - 15*c**2 + 15*c - 40. Determine o(14).
-26
Let r(c) = c**2 + 347*c - 10873. What is r(29)?
31
Let o(z) = -107*z + 1469. Determine o(13).
78
Let t(l) = l**3 + 12*l**2 - 22*l - 65. What is t(-7)?
334
Let k(w) = -w**2 - 135*w + 12464. Calculate k(-198).
-10
Let l(f) = -f**3 - 17*f**2 - 31*f + 364. What is l(-10)?
-26
Let y(x) = -x**2 - 2050*x - 10215. Calculate y(-5).
10
Let o(t) = 148*t + 419. Give o(-3).
-25
Let j(i) = -255*i - 4281. What is j(-17)?
54
Let l(u) = -510*u - 9665. Calculate l(-19).
25
Let z(r) = -r**3 - 37*r**2 - 34*r + 61. Give z(-36).
-11
Let t(l) = -l**3 - 40*l**2 + 227*l + 67. What is t(-45)?
-23
Let p(z) = -36*z + 309. What is p(9)?
-15
Let h(a) = -3*a**3 + 53*a**2 + 20*a - 35. Give h(18).
1
Let i(g) = -3*g**3 + 36*g**2 + 55*g - 558. Determine i(12).
102
Let t(q) = -16*q**2 + 184*q + 39. Determine t(12).
-57
Let a(v) = 31*v**2 - 2*v + 2. Give a(-1).
35
Let i(d) = d**2 + 11*d - 845. Calculate i(24).
-5
Let r(d) = -15*d - 397. Calculate r(-13).
-202
Let p(m) = 46*m**2 + 1152*m + 54. Calculate p(-25).
4
Let h(u) = -2*u**2 + 54*u + 89. What is h(28)?
33
Let m(o) = -36*o**2 - 50*o + 42. Give m(-2).
-2
Let o(w) = 5*w**3 + 464*w**2 - 91*w + 188. Determine o(-93).
2
Let k(r) = 1051*r + 29442. Determine k(-28).
14
Let j(l) = -26*l**2 - 85*l + 13. Calculate j(-3).
34
Let h(q) = -q**2 + 79*q + 1946. Calculate h(99).
-34
Let v(g) = g**3 - 23*g**2 + 55*g - 736. What is v(22)?
-10
Let u(j) = -293*j - 3815. Calculate u(-13).
-6
Let l(g) = 2*g**3 + 111*g**2 - 54*g + 127. Determine l(-56).
15
Let w(v) = -1095*v + 6575. What is w(6)?
5
Let j(c) = -30*c**2 - 5*c - 28. Calculate j(-3).
-283
Let l(w) = w**3 - 7*w**2 - 130*w + 783. Give l(-11).
35
Let k(n) = -n**3 - 2*n**2 + 5*n + 15. Give k(-3).
9
Let b(g) = 88*g**2 - 1232*g + 3. Determine b(14).
3
Let l(t) = -9*t + 117. Calculate l(59).
-414
Let u(o) = 7*o**2 + 36*o + 148. What is u(-4)?
116
Let z(f) = 9*f**2 - 149*f - 254. Give z(18).
-20
Let h(b) = -137*b - 141. Calculate h(-4).
407
Let f(q) = -2*q**2 + 130*q - 782. What is f(6)?
-74
Let m(c) = -27*c - 432. What is m(-14)?
-54
Let b(h) = 3*h**3 + 146*h**2 - 39*h + 443. What is b(-49)?
-47
Let a(c) = 3*c - 375. What is a(113)?
-36
Let v(z) = 8*z**2 - 5*z + 23. What is v(3)?
80
Let g(s) = 31*s**2 + 45*s - 158. Determine g(5).
842
Let k(j) = 5*j**2 - 1626*j + 15759. What is k(10)?
-1
Let o(b) = 11*b**2 - 66*b + 18. Determine o(6).
18
Let c(s) = -s**3 + 17*s**2 - 68*s + 199. Determine c(13).
-9
Let q(j) = -2*j**3 + 14*j**2 - 223*j + 1272. Calculate q(6).
6
Let q(z) = z**2 + 55*z - 407. Calculate q(7).
27
Let d(l) = -15*l**2 + 230*l - 231. Calculate d(1).
-16
Let b(o) = -798*o - 47. Give b(0).
-47
Let o(p) = -1089*p + 1095. Determine o(1).
6
Let v(n) = -80*n + 1048. What is v(13)?
8
Let d(b) = 3*b**2 - 331*b + 1980. Determine d(104).
4
Let d(x) = 39*x**2 + 499*x - 98. Determine d(-13).
6
Let d(r) = -238*r - 12. What is d(2)?
-488
Let x(r) = 4*r**3 + 11*r**2 - 9*r - 33. Determine x(-3).
-15
Let t(p) = -p**3 + 3*p**2 + 2*p - 8. Determine t(4).
-16
Let y(b) = 86*b**2 + 22*b - 7. Calculate y(-1).
57
Let z(n) = -n**3 - 120*n**2 - 108*n + 1324. Determine z(-119).
15
Let o(a) = -a**3 + 30*a**2 - 73*a - 163. Calculate o(27).
53
Let m(z) = 3*z**3 + 16*z**2 + 4*z - 12. Give m(-6).
-108
Let j(p) = p**2 - 125*p + 3453. Give j(41).
9
Let g(u) = 8*u**3 - 7*u**2 + 4*u + 7. Give g(0).
7
Let c(r) = 16*r - 2701. Determine c(168).
-13
Let b(l) = 4*l 